{"id":5106,"date":"2024-09-27T16:50:41","date_gmt":"2024-09-27T16:50:41","guid":{"rendered":"https:\/\/sasfa.cl\/?post_type=product&#038;p=5106"},"modified":"2024-10-05T22:55:21","modified_gmt":"2024-10-05T22:55:21","slug":"lamina-acanalada-terracota","status":"publish","type":"product","link":"https:\/\/sasfa.cl\/?product=lamina-acanalada-terracota","title":{"rendered":"LAMINA ACANALADA TERRACOTA"},"content":{"rendered":"<p>L\u00e1mina de acero prepintada en color terracota, ideal para techados. Su dise\u00f1o acanalado ofrece mayor resistencia estructural y una est\u00e9tica atractiva para todo tipo de construcciones.<\/p>\n<ul>\n<li style=\"list-style-type: none;\">\n<ul>\n<li>Dimensiones: 0.35x851x3660 mm<\/li>\n<li>Color terracota<\/li>\n<li>Resistente a la corrosi\u00f3n y a los rayos UV<\/li>\n<li>Ideal para techos de viviendas y edificios<\/li>\n<li>F\u00e1cil de instalar y mantener<\/li>\n<\/ul>\n<\/li>\n<\/ul>\n<p><!-- notionvc: 1b42a79e-702a-4daa-bd6e-ae2116917851 --><\/p>\n","protected":false},"excerpt":{"rendered":"<p>L\u00e1mina de acero prepintada en color terracota, ideal para techados. Su dise\u00f1o acanalado ofrece mayor resistencia estructural y una est\u00e9tica atractiva para todo tipo de construcciones. Dimensiones: 0.35x851x3660 mm Color terracota Resistente a la corrosi\u00f3n y a los rayos UV Ideal para techos de viviendas y edificios F\u00e1cil de instalar y mantener<\/p>\n","protected":false},"featured_media":5343,"comment_status":"open","ping_status":"closed","template":"","meta":{"_acf_changed":false},"product_brand":[],"product_cat":[266,268,15],"product_tag":[],"class_list":{"0":"post-5106","1":"product","2":"type-product","3":"status-publish","4":"has-post-thumbnail","6":"product_cat-cat-3","7":"product_cat-construccion","8":"product_cat-uncategorized","10":"first","11":"instock","12":"shipping-taxable","13":"purchasable","14":"product-type-simple"},"acf":[],"jetpack_sharing_enabled":true,"_links":{"self":[{"href":"https:\/\/sasfa.cl\/index.php?rest_route=\/wp\/v2\/product\/5106","targetHints":{"allow":["GET"]}}],"collection":[{"href":"https:\/\/sasfa.cl\/index.php?rest_route=\/wp\/v2\/product"}],"about":[{"href":"https:\/\/sasfa.cl\/index.php?rest_route=\/wp\/v2\/types\/product"}],"replies":[{"embeddable":true,"href":"https:\/\/sasfa.cl\/index.php?rest_route=%2Fwp%2Fv2%2Fcomments&post=5106"}],"wp:featuredmedia":[{"embeddable":true,"href":"https:\/\/sasfa.cl\/index.php?rest_route=\/wp\/v2\/media\/5343"}],"wp:attachment":[{"href":"https:\/\/sasfa.cl\/index.php?rest_route=%2Fwp%2Fv2%2Fmedia&parent=5106"}],"wp:term":[{"taxonomy":"product_brand","embeddable":true,"href":"https:\/\/sasfa.cl\/index.php?rest_route=%2Fwp%2Fv2%2Fproduct_brand&post=5106"},{"taxonomy":"product_cat","embeddable":true,"href":"https:\/\/sasfa.cl\/index.php?rest_route=%2Fwp%2Fv2%2Fproduct_cat&post=5106"},{"taxonomy":"product_tag","embeddable":true,"href":"https:\/\/sasfa.cl\/index.php?rest_route=%2Fwp%2Fv2%2Fproduct_tag&post=5106"}],"curies":[{"name":"wp","href":"https:\/\/api.w.org\/{rel}","templated":true}]}}