{"id":5099,"date":"2024-09-27T16:46:51","date_gmt":"2024-09-27T16:46:51","guid":{"rendered":"https:\/\/sasfa.cl\/?post_type=product&#038;p=5099"},"modified":"2024-10-05T22:17:06","modified_gmt":"2024-10-05T22:17:06","slug":"terciado-estructural","status":"publish","type":"product","link":"https:\/\/sasfa.cl\/?product=terciado-estructural","title":{"rendered":"TERCIADO ESTRUCTURAL"},"content":{"rendered":"<p>La plancha de terciado estructural es una opci\u00f3n vers\u00e1til y resistente, dise\u00f1ada para aplicaciones de construcci\u00f3n que requieren materiales robustos. Ideal para pisos, techos y paredes que necesitan un soporte adicional.<\/p>\n<ul>\n<li style=\"list-style-type: none;\">\n<ul>\n<li>Dimensiones: 1220x2240x21mm<\/li>\n<li>Alta resistencia estructural<\/li>\n<li>Ideal para proyectos de construcci\u00f3n y refuerzo<\/li>\n<li>Acabado liso para f\u00e1cil manipulaci\u00f3n<\/li>\n<li>Material durable y vers\u00e1til<\/li>\n<\/ul>\n<\/li>\n<\/ul>\n<p><!-- notionvc: d25d0c0e-cbaa-4557-8d72-da72c9a90d13 --><\/p>\n","protected":false},"excerpt":{"rendered":"<p>La plancha de terciado estructural es una opci\u00f3n vers\u00e1til y resistente, dise\u00f1ada para aplicaciones de construcci\u00f3n que requieren materiales robustos. Ideal para pisos, techos y paredes que necesitan un soporte adicional. Dimensiones: 1220x2240x21mm Alta resistencia estructural Ideal para proyectos de construcci\u00f3n y refuerzo Acabado liso para f\u00e1cil manipulaci\u00f3n Material durable y vers\u00e1til<\/p>\n","protected":false},"featured_media":5354,"comment_status":"open","ping_status":"closed","template":"","meta":{"_acf_changed":false},"product_brand":[],"product_cat":[267,268,15],"product_tag":[],"class_list":{"0":"post-5099","1":"product","2":"type-product","3":"status-publish","4":"has-post-thumbnail","6":"product_cat-cat-4","7":"product_cat-construccion","8":"product_cat-uncategorized","10":"first","11":"instock","12":"shipping-taxable","13":"purchasable","14":"product-type-simple"},"acf":[],"jetpack_sharing_enabled":true,"_links":{"self":[{"href":"https:\/\/sasfa.cl\/index.php?rest_route=\/wp\/v2\/product\/5099","targetHints":{"allow":["GET"]}}],"collection":[{"href":"https:\/\/sasfa.cl\/index.php?rest_route=\/wp\/v2\/product"}],"about":[{"href":"https:\/\/sasfa.cl\/index.php?rest_route=\/wp\/v2\/types\/product"}],"replies":[{"embeddable":true,"href":"https:\/\/sasfa.cl\/index.php?rest_route=%2Fwp%2Fv2%2Fcomments&post=5099"}],"wp:featuredmedia":[{"embeddable":true,"href":"https:\/\/sasfa.cl\/index.php?rest_route=\/wp\/v2\/media\/5354"}],"wp:attachment":[{"href":"https:\/\/sasfa.cl\/index.php?rest_route=%2Fwp%2Fv2%2Fmedia&parent=5099"}],"wp:term":[{"taxonomy":"product_brand","embeddable":true,"href":"https:\/\/sasfa.cl\/index.php?rest_route=%2Fwp%2Fv2%2Fproduct_brand&post=5099"},{"taxonomy":"product_cat","embeddable":true,"href":"https:\/\/sasfa.cl\/index.php?rest_route=%2Fwp%2Fv2%2Fproduct_cat&post=5099"},{"taxonomy":"product_tag","embeddable":true,"href":"https:\/\/sasfa.cl\/index.php?rest_route=%2Fwp%2Fv2%2Fproduct_tag&post=5099"}],"curies":[{"name":"wp","href":"https:\/\/api.w.org\/{rel}","templated":true}]}}